What are the prime factors of 95727178?
2, 61, 784649
What are the prime factors of 32001304?
2, 1109, 3607
What are the prime factors of 1118088193?
19, 43, 1368529
What are the prime factors of 223906803?
3, 691, 108011
What are the prime factors of 1343317933?
1343317933
List the prime factors of 57717068.
2, 14429267
What are the prime factors of 3911461664?
2, 11, 41, 271027
List the prime factors of 520963987.
12547, 41521
What are the prime factors of 636840060?
2, 3, 5, 17, 643, 971
What are the prime factors of 77428323?
3, 7, 1229021
List the prime factors of 112327364.
2, 17, 97169
What are the prime factors of 988807651?
13, 23, 31, 107, 997
What are the prime factors of 272662650?
2, 3, 5, 13, 127, 367
What are the prime factors of 976726679?
2591, 376969
List the prime factors of 10174932.
2, 3, 109, 2593
List the prime factors of 106452737.
37, 79, 461
What are the prime factors of 318037847?
43, 7396229
List the prime factors of 53432997.
3, 19, 937421
List the prime factors of 3389824453.
173, 1301, 15061
List the prime factors of 157955806.
2, 17, 83, 223, 251
List the prime factors of 887787765.
3, 5, 31, 636407
What are the prime factors of 74899756?
2, 17, 1101467
What are the prime factors of 2127127188?
2, 3, 37, 4790827
List the prime factors of 3838510704.
2, 3, 7, 353, 32363
List the prime factors of 454942568.
2, 56867821
What are the prime factors of 14210813?
14210813
What are the prime factors of 6498941364?
2, 3, 23, 872107
What are the prime factors of 593267231?
593267231
List the prime factors of 3203962262.
2, 73, 643, 34129
What are the prime factors of 106660215?
3, 5, 821, 2887
List the prime factors of 910477855.
5, 7, 197, 132049
List the prime factors of 1934578597.
7, 17, 773, 21031
What are the prime factors of 566694508?
2, 31, 331, 13807
What are the prime factors of 3699504946?
2, 17, 2003, 54323
What are the prime factors of 7114445013?
3, 13, 182421667
What are the prime factors of 260606060?
2, 5, 11, 13, 91121
What are the prime factors of 4695451006?
2, 149, 15756547
What are the prime factors of 8979191936?
2, 11, 13, 490559
What are the prime factors of 86584361?
1193, 72577
List the prime factors of 453047236.
2, 967, 117127
What are the prime factors of 299279519?
7, 11, 23, 347, 487
List the prime factors of 2310668546.
2, 19, 109, 557863
What are the prime factors of 145915367?
13, 223, 50333
List the prime factors of 24767498.
2, 7, 71, 24917
What are the prime factors of 1181009243?
71, 179, 92927
What are the prime factors of 6877071494?
2, 3438535747
List the prime factors of 246551188.
2, 13, 317, 14957
List the prime factors of 24547969.
23, 43, 24821
What are the prime factors of 731856995?
5, 71, 107, 19267
What are the prime factors of 56645185?
5, 11329037
What are the prime factors of 652443228?
2, 3, 211, 28631
What are the prime factors of 2876458767?
3, 7, 13, 10536479
What are the prime factors of 6261273765?
3, 5, 139, 1001003
List the prime factors of 926175193.
926175193
List the prime factors of 56698619.
457, 124067
What are the prime factors of 536211588?
2, 3, 11, 31, 59, 2221
What are the prime factors of 167814545?
5, 33562909
List the prime factors of 310763514.
2, 3, 51793919
List the prime factors of 359974404.
2, 3, 9999289
What are the prime factors of 3307934216?
2, 397, 991, 1051
What are the prime factors of 350014787?
739, 473633
What are the prime factors of 177865166?
2, 31, 2868793
What are the prime factors of 7922644?
2, 1980661
What are the prime factors of 101823542?
2, 349, 145879
What are the prime factors of 5099876903?
11, 17, 257, 877
List the prime factors of 292049599.
103, 2835433
List the prime factors of 63446646.
2, 3, 31, 263, 1297
What are the prime factors of 664861594?
2, 2371, 140207
What are the prime factors of 80759812?
2, 7, 2884279
What are the prime factors of 2621007964?
2, 23, 31, 79, 11633
List the prime factors of 88107701.
11, 1013, 7907
List the prime factors of 1623860558.
2, 811930279
List the prime factors of 28323754.
2, 3529, 4013
List the prime factors of 205847863.
13, 15834451
What are the prime factors of 739505638?
2, 101, 3660919
What are the prime factors of 354445708?
2, 88611427
What are the prime factors of 47464136?
2, 17, 263, 1327
List the prime factors of 140006058.
2, 3, 241, 96823
What are the prime factors of 507301914?
2, 3, 7, 109, 110813
List the prime factors of 1412863799.
1613, 875923
What are the prime factors of 859221770?
2, 5, 11, 37, 107, 1973
List the prime factors of 79820620.
2, 5, 11, 223, 1627
What are the prime factors of 24743145?
3, 5, 7, 71, 3319
What are the prime factors of 44540520?
2, 3, 5, 29, 12799
What are the prime factors of 92731224?
2, 3, 61, 97, 653
List the prime factors of 4025461609.
13, 29, 1091, 9787
What are the prime factors of 63430713?
3, 7047857
What are the prime factors of 28915441?
28915441
List the prime factors of 83264148.
2, 3, 11, 210263
List the prime factors of 43084244.
2, 7, 23, 149, 449
List the prime factors of 201469403.
31, 37, 175649
List the prime factors of 6305248336.
2, 23, 744949
List the prime factors of 2454230.
2, 5, 19, 12917
What are the prime factors of 41115334?
2, 13, 103, 1181
What are the prime factors of 3858259263?
3, 19, 67688759
List the prime factors of 25691662.
2, 12845831
What are the prime factors of 807401951?
807401951
List the prime factors of 120920906.
2, 60460453
What are the prime factors of 53730255?
3, 5, 3582017
What are the prime factors of 48547129?
43, 479, 2357
What are the prime factors of 3940959250?
2, 5, 991, 15907
What are the prime factors of 28183299?
3, 2341, 4013
What are the prime factors of 361959407?
103, 859, 4091
List the prime factors of 9116585.
5, 29, 62873
List the prime factors of 147524538.
2, 3, 7, 17, 107, 1931
What are the prime factors of 48516844?
2, 17, 23, 67, 463
List the prime factors of 56315188.
2, 14078797
List the prime factors of 20172508.
2, 97, 51991
What are the prime factors of 162408450?
2, 3, 5, 1082723
List the prime factors of 591202686.
2, 3, 2377, 41453
List the prime factors of 15779623.
127, 124249
List the prime factors of 1330977813.
3, 11, 149, 270689
List the prime factors of 82871565.
3, 5, 7, 149, 5297
What are the prime factors of 1230726037?
809, 1521293
List the prime factors of 477406476.
2, 3, 13261291
What are the prime factors of 864228233?
11, 43, 1123, 1627
What are the prime factors of 345534686?
2, 7, 1637, 15077
List the prime factors of 91859757.
3, 11, 179, 15551
List the prime factors of 633170370.
2, 3, 5, 7, 47, 64151
List the prime factors of 11797613.
19, 353, 1759
List the prime factors of 144859782.
2, 3, 89, 271273
List the prime factors of 160276189.
337, 475597
List the prime factors of 2588160101.
37, 69950273
List the prime factors of 42779900.
2, 5, 419, 1021
What are the prime factors of 89150616?
2, 3, 229, 5407
List the prime factors of 25810206.
2, 3, 4301701
What are the prime factors of 39948943?
39948943
What are the prime factors of 569936511?
3, 63326279
What are the prime factors of 5981318875?
5, 7, 29, 73, 3229
What are the prime factors of 3990902023?
47, 269, 479, 659
List the prime factors of 11590944.
2, 3, 120739
What are the prime factors of 4693196?
2, 23, 139, 367
List the prime factors of 156812727.
3, 47, 1112147
What are the prime factors of 9947054?
2, 13, 382579
List the prime factors of 1073883098.
2, 17, 31584797
What are the prime factors of 154073030?
2, 5, 131, 337, 349
List the prime factors of 146124458.
2, 383, 190763
List the prime factors of 68638264.
2, 41, 209263
What are the prime factors of 36053271?
3, 337, 11887
List the prime factors of 1568379772.
2, 59, 6645677
List the prime factors of 2774254.
2, 7, 71, 2791
What are the prime factors of 570772182?
2, 3, 337, 282281
List the prime factors of 116426014.
2, 58213007
List the prime factors of 1079075344.
2, 67442209
List the prime factors of 5749428488.
2, 8039, 89399
List the prime factors of 299474209.
41, 83, 88003
List the prime factors of 46920525.
3, 5, 43, 14549
What are the prime factors of 1008316336?
2, 61, 619, 1669
What are the prime factors of 31392422?
2, 15696211
List the prime factors of 319303287.
3, 653, 54331
W